{"id":128,"date":"2014-11-13T00:36:07","date_gmt":"2014-11-12T23:36:07","guid":{"rendered":"http:\/\/www.linkspieltsdir.de\/improvisationstheater\/?page_id=128"},"modified":"2017-06-06T12:49:28","modified_gmt":"2017-06-06T10:49:28","slug":"impressum","status":"publish","type":"page","link":"http:\/\/www.linkspieltsdir.de\/improvisationstheater\/impressum\/","title":{"rendered":"Impressum"},"content":{"rendered":"<h2>lmpressum<\/h2>\n<p>Link! GbR<br \/>\nc\/o Axel Subklew<br \/>\nL\u00fctzerathstr. 136<br \/>\n51107 K\u00f6ln<br \/>\nE-Mail: info[at]linkspieltsdir.de<br \/>\nInhaltlich Verantwortlicher: Axel Subklew<\/p>\n<p>Haftungsausschluss:<br \/>\nTrotz sorgf\u00e4ltiger inhaltlicher Kontrolle \u00fcbernehmen wir keine Haftung f\u00fcr die Beitr\u00e4ge und externe Links auf unseren Seiten. Das Urheberrecht und die Verantwortung f\u00fcr die im Forum geschriebenen Beitr\u00e4ge liegt bei den jeweiligen Verfassern. F\u00fcr den Inhalt der verlinkten Seiten sind ausschlie\u00dflich deren Betreiber verantwortlich. Der Betreiber der Website www.Linkspieltsdir.de ist bem\u00fcht, das Webangebot stets aktuell und inhaltlich richtig sowie vollst\u00e4ndig anzubieten. Dennoch ist das Auftreten von Fehlern nicht v\u00f6llig auszuschlie\u00dfen. Der Betreiber der Website \u00fcbernimmt keine Haftung f\u00fcr die Aktualit\u00e4t, die inhaltliche Richtigkeit sowie f\u00fcr die Vollst\u00e4ndigkeit der in ihrem Webangebot eingestellten Informationen, es sei denn die Fehler wurden vors\u00e4tzlich oder grob fahrl\u00e4ssig aufgenommen. Dies bezieht sich auf eventuelle Sch\u00e4den materieller oder ideeller Art Dritter, die durch die Nutzung dieses Webangebotes verursacht wurden.<\/p>\n<p>Diese Webseite wurde von der <a title=\"Werbeagentur K\u00f6ln - Great2Gether\" href=\"http:\/\/great2gether.com\" target=\"_blank\">K\u00f6lner Werbeagentur Great2Gether<\/a> erstellt.<\/p>\n","protected":false},"excerpt":{"rendered":"<p>lmpressum Link! GbR c\/o Axel Subklew L\u00fctzerathstr. 136 51107 K\u00f6ln E-Mail: info[at]linkspieltsdir.de Inhaltlich Verantwortlicher: Axel Subklew Haftungsausschluss: Trotz sorgf\u00e4ltiger inhaltlicher Kontrolle \u00fcbernehmen wir keine Haftung f\u00fcr die Beitr\u00e4ge und externe Links auf unseren Seiten. Das Urheberrecht und die Verantwortung f\u00fcr die im Forum geschriebenen Beitr\u00e4ge liegt bei den jeweiligen Verfassern. F\u00fcr den Inhalt der verlinkten [&hellip;]<\/p>\n","protected":false},"author":1,"featured_media":0,"parent":0,"menu_order":0,"comment_status":"closed","ping_status":"closed","template":"","meta":{"_mc_calendar":[],"footnotes":""},"class_list":["post-128","page","type-page","status-publish","hentry"],"_links":{"self":[{"href":"http:\/\/www.linkspieltsdir.de\/improvisationstheater\/wp-json\/wp\/v2\/pages\/128","targetHints":{"allow":["GET"]}}],"collection":[{"href":"http:\/\/www.linkspieltsdir.de\/improvisationstheater\/wp-json\/wp\/v2\/pages"}],"about":[{"href":"http:\/\/www.linkspieltsdir.de\/improvisationstheater\/wp-json\/wp\/v2\/types\/page"}],"author":[{"embeddable":true,"href":"http:\/\/www.linkspieltsdir.de\/improvisationstheater\/wp-json\/wp\/v2\/users\/1"}],"replies":[{"embeddable":true,"href":"http:\/\/www.linkspieltsdir.de\/improvisationstheater\/wp-json\/wp\/v2\/comments?post=128"}],"version-history":[{"count":5,"href":"http:\/\/www.linkspieltsdir.de\/improvisationstheater\/wp-json\/wp\/v2\/pages\/128\/revisions"}],"predecessor-version":[{"id":834,"href":"http:\/\/www.linkspieltsdir.de\/improvisationstheater\/wp-json\/wp\/v2\/pages\/128\/revisions\/834"}],"wp:attachment":[{"href":"http:\/\/www.linkspieltsdir.de\/improvisationstheater\/wp-json\/wp\/v2\/media?parent=128"}],"curies":[{"name":"wp","href":"https:\/\/api.w.org\/{rel}","templated":true}]}}